{"version":"1.0","provider_name":"IZO","provider_url":"https:\/\/izo.si\/en","author_name":"info@izo.si","author_url":"https:\/\/izo.si\/en\/author\/infoizo-si\/","title":"SZJ: 8. april - dan ekolo\u0161kega dolga za Slovenijo - IZO","type":"rich","width":600,"height":338,"html":"<blockquote class=\"wp-embedded-content\" data-secret=\"df5yjSGJ7G\"><a href=\"https:\/\/izo.si\/en\/szj-8-april-dan-ekoloskega-dolga-za-slovenijo\/\">SZJ: 8. april &#8211; dan ekolo\u0161kega dolga za Slovenijo<\/a><\/blockquote><iframe sandbox=\"allow-scripts\" security=\"restricted\" src=\"https:\/\/izo.si\/en\/szj-8-april-dan-ekoloskega-dolga-za-slovenijo\/embed\/#?secret=df5yjSGJ7G\" width=\"600\" height=\"338\" title=\"&#8220;SZJ: 8. april &#8211; dan ekolo\u0161kega dolga za Slovenijo&#8221; &#8212; IZO\" data-secret=\"df5yjSGJ7G\" frameborder=\"0\" marginwidth=\"0\" marginheight=\"0\" scrolling=\"no\" class=\"wp-embedded-content\"><\/iframe><script>\n\/*! This file is auto-generated *\/\n!function(d,l){\"use strict\";l.querySelector&&d.addEventListener&&\"undefined\"!=typeof URL&&(d.wp=d.wp||{},d.wp.receiveEmbedMessage||(d.wp.receiveEmbedMessage=function(e){var t=e.data;if((t||t.secret||t.message||t.value)&&!\/[^a-zA-Z0-9]\/.test(t.secret)){for(var s,r,n,a=l.querySelectorAll('iframe[data-secret=\"'+t.secret+'\"]'),o=l.querySelectorAll('blockquote[data-secret=\"'+t.secret+'\"]'),c=new RegExp(\"^https?:$\",\"i\"),i=0;i<o.length;i++)o[i].style.display=\"none\";for(i=0;i<a.length;i++)s=a[i],e.source===s.contentWindow&&(s.removeAttribute(\"style\"),\"height\"===t.message?(1e3<(r=parseInt(t.value,10))?r=1e3:~~r<200&&(r=200),s.height=r):\"link\"===t.message&&(r=new URL(s.getAttribute(\"src\")),n=new URL(t.value),c.test(n.protocol))&&n.host===r.host&&l.activeElement===s&&(d.top.location.href=t.value))}},d.addEventListener(\"message\",d.wp.receiveEmbedMessage,!1),l.addEventListener(\"DOMContentLoaded\",function(){for(var e,t,s=l.querySelectorAll(\"iframe.wp-embedded-content\"),r=0;r<s.length;r++)(t=(e=s[r]).getAttribute(\"data-secret\"))||(t=Math.random().toString(36).substring(2,12),e.src+=\"#?secret=\"+t,e.setAttribute(\"data-secret\",t)),e.contentWindow.postMessage({message:\"ready\",secret:t},\"*\")},!1)))}(window,document);\n\/\/# sourceURL=https:\/\/izo.si\/wp-includes\/js\/wp-embed.min.js\n<\/script>","thumbnail_url":"https:\/\/izo.si\/wp-content\/uploads\/2025\/04\/2149217814.jpg","thumbnail_width":845,"thumbnail_height":563,"description":"Ljubljana, 8. april 2025 \u2013 Dan ekolo\u0161kega dolga Slovenije, ki ga letos obele\u017eujemo 8. aprila, pomeni, da smo na ta dan porabili \u017ee vse naravne vire in ekosistemske storitve, ki jih Zemlja lahko obnovi v enem letu. Od tega trenutka naprej prebivalci Slovenije \u017eivimo v ekolo\u0161kem dolgu, kar ima resne posledice za na\u0161o prihodnost. V [&hellip;]"}

SZJ: 8. april - dan ekološkega dolga za Slovenijo - IZO

<blockquote class="wp-embedded-content" data-secret="df5yjSGJ7G"><a href="https://izo.si/en/szj-8-april-dan-ekoloskega-dolga-za-slovenijo/">SZJ: 8. april &#8211; dan ekološkega dolga za Slovenijo</a></blockquote><iframe sandbox="allow-scripts" security="restricted" src="https://izo.si/en/szj-8-april-dan-ekoloskega-dolga-za-slovenijo/embed/#?secret=df5yjSGJ7G" width="600" height="338" title="&#8220;SZJ: 8. april &#8211; dan ekološkega dolga za Slovenijo&#8221; &#8212; IZO" data-secret="df5yjSGJ7G" frameborder="0" marginwidth="0" marginheight="0" scrolling="no" class="wp-embedded-content"></iframe><script>
/*! This file is auto-generated */
!function(d,l){"use strict";l.querySelector&&d.addEventListener&&"undefined"!=typeof URL&&(d.wp=d.wp||{},d.wp.receiveEmbedMessage||(d.wp.receiveEmbedMessage=function(e){var t=e.data;if((t||t.secret||t.message||t.value)&&!/[^a-zA-Z0-9]/.test(t.secret)){for(var s,r,n,a=l.querySelectorAll('iframe[data-secret="'+t.secret+'"]'),o=l.querySelectorAll('blockquote[data-secret="'+t.secret+'"]'),c=new RegExp("^https?:$","i"),i=0;i<o.length;i++)o[i].style.display="none";for(i=0;i<a.length;i++)s=a[i],e.source===s.contentWindow&&(s.removeAttribute("style"),"height"===t.message?(1e3<(r=parseInt(t.value,10))?r=1e3:~~r<200&&(r=200),s.height=r):"link"===t.message&&(r=new URL(s.getAttribute("src")),n=new URL(t.value),c.test(n.protocol))&&n.host===r.host&&l.activeElement===s&&(d.top.location.href=t.value))}},d.addEventListener("message",d.wp.receiveEmbedMessage,!1),l.addEventListener("DOMContentLoaded",function(){for(var e,t,s=l.querySelectorAll("iframe.wp-embedded-content"),r=0;r<s.length;r++)(t=(e=s[r]).getAttribute("data-secret"))||(t=Math.random().toString(36).substring(2,12),e.src+="#?secret="+t,e.setAttribute("data-secret",t)),e.contentWindow.postMessage({message:"ready",secret:t},"*")},!1)))}(window,document);
//# sourceURL=https://izo.si/wp-includes/js/wp-embed.min.js
</script>

Ljubljana, 8. april 2025 – Dan ekološkega dolga Slovenije, ki ga letos obeležujemo 8. aprila, pomeni, da smo na ta dan porabili že vse naravne vire in ekosistemske storitve, ki jih Zemlja lahko obnovi v enem letu. Od tega trenutka naprej prebivalci Slovenije živimo v ekološkem dolgu, kar ima resne posledice za našo prihodnost. V [&hellip;]
